by 369?
57
What is the remainder when 12537105 is divided by 255859?
14
Calculate the remainder when 3061429 is divided by 113386.
7
What is the remainder when 620292 is divided by 5797?
13
What is the remainder when 433346829 is divided by 6378?
6375
What is the remainder when 20140 is divided by 6694?
58
Calculate the remainder when 274065622 is divided by 49.
47
What is the remainder when 22366789 is divided by 2923?
2916
What is the remainder when 272488 is divided by 13569?
1108
Calculate the remainder when 14661628 is divided by 30.
28
Calculate the remainder when 1107218 is divided by 23523.
1637
Calculate the remainder when 30172 is divided by 5953.
407
What is the remainder when 809848 is divided by 44991?
10
What is the remainder when 1725226 is divided by 575069?
19
Calculate the remainder when 38303 is divided by 110.
23
What is the remainder when 879811 is divided by 61?
8
Calculate the remainder when 54343771 is divided by 54343767.
4
What is the remainder when 206939790 is divided by 656?
654
What is the remainder when 372547 is divided by 174?
13
Calculate the remainder when 22091607 is divided by 729.
720
Calculate the remainder when 3572614 is divided by 1786301.
12
What is the remainder when 8211 is divided by 1584?
291
What is the remainder when 910737 is divided by 461?
262
What is the remainder when 1408180 is divided by 1407940?
240
What is the remainder when 2339720471 is divided by 516?
515
Calculate the remainder when 2539511 is divided by 16930.
11
What is the remainder when 488936 is divided by 244451?
34
Calculate the remainder when 369203 is divided by 1861.
725
Calculate the remainder when 276200 is divided by 821.
344
Calculate the remainder when 884248557 is divided by 1720.
1717
Calculate the remainder when 40011402 is divided by 648.
642
Calculate the remainder when 843311 is divided by 7959.
7616
Calculate the remainder when 245950051 is divided by 6268.
6267
Calculate the remainder when 35182 is divided by 28680.
6502
What is the remainder when 41710 is divided by 2952?
382
What is the remainder when 1721679 is divided by 573886?
21
What is the remainder when 3465621 is divided by 38?
21
Calculate the remainder when 211864 is divided by 70617.
13
What is the remainder when 17741 is divided by 4369?
265
What is the remainder when 1145192 is divided by 110?
92
Calculate the remainder when 104799 is divided by 104388.
411
What is the remainder when 417202 is divided by 6139?
5889
Calculate the remainder when 23840 is divided by 1483.
112
What is the remainder when 90081 is divided by 315?
306
What is the remainder when 1272542 is divided by 1256?
214
What is the remainder when 319394 is divided by 2684?
2682
What is the remainder when 21912 is divided by 3116?
100
What is the remainder when 3270799 is divided by 272559?
91
Calculate the remainder when 15210 is divided by 137.
3
Calculate the remainder when 3339540 is divided by 200.
140
What is the remainder when 110664088 is divided by 53?
35
Calculate the remainder when 30586 is divided by 4326.
304
What is the remainder when 435619 is divided by 943?
896
What is the remainder when 3065234 is divided by 73?
37
Calculate the remainder when 75614 is divided by 2410.
904
Calculate the remainder when 3133471 is divided by 30422.
5
Calculate the remainder when 3220829 is divided by 1073607.
8
Calculate the remainder when 1372979 is divided by 68646.
59
Calculate the remainder when 1254359 is divided by 69686.
11
Calculate the remainder when 89861156 is divided by 29953718.
2
Calculate the remainder when 1635255 is divided by 9676.
11
What is the remainder when 2020113 is divided by 19805?
3
Calculate the remainder when 11571328 is divided by 15.
13
Calculate the remainder when 1803249 is divided by 901623.
3
Calculate the remainder when 109513636 is divided by 39.
37
Calculate the remainder when 39483 is divided by 961.
82
What is the remainder when 199940 is divided by 2228?
1648
What is the remainder when 28022801 is divided by 132183?
5
Calculate the remainder when 2227093 is divided by 456.
445
What is the remainder when 290618 is divided by 1352?
1290
What is the remainder when 62234633 is divided by 6914958?
11
Calculate the remainder when 548288 is divided by 14051.
299
Calculate the remainder when 2564779 is divided by 905.
9
Calculate the remainder when 353340 is divided by 353320.
20
What is the remainder when 49903 is divided by 629?
212
Calculate the remainder when 2605246 is divided by 4155.
61
Calculate the remainder when 7371843 is divided by 2457281.
0
Calculate the remainder when 2117036 is divided by 292.
36
Calculate the remainder when 405912 is divided by 50286.
3624
What is the remainder when 58454943 is divided by 891?
888
Calculate the remainder when 34506066 is divided by 211.
181
What is the remainder when 1775516 is divided by 2449?
2440
What is the remainder when 1546212 is divided by 626?
618
What is the remainder when 2458338 is divided by 15658?
32
What is the remainder when 9039990 is divided by 24301?
18
What is the remainder when 6033734 is divided by 19?
18
Calculate the remainder when 18268756 is divided by 1171.
1156
What is the remainder when 3123094 is divided by 546?
520
What is the remainder when 1102241 is divided by 3788?
3721
What is the remainder when 13604825 is divided by 13604811?
14
Calculate the remainder when 165181 is divided by 1856.
1853
Calculate the remainder when 23230123 is divided by 158.
15
Calculate the remainder when 2523535 is divided by 140196.
7
Calculate the remainder when 7871566 is divided by 113.
99
Calculate the remainder when 18240 is divided by 17444.
796
What is the remainder when 134481 is divided by 3536?
113
What is the remainder when 52142787 is divided by 843?
708
Calculate the remainder when 7639473 is divided by 298.
243
What is the remainder when 2586194 is divided by 58777?
6
What is the remainder when 78349 is divided by 1022?
677
Calculate the remainder when 22095181 is divided by 11.
9
What is the remainder when 1977193 is divided by 20175?
43
Calculate the remainder when 896262 is divided by 12803.
52
What is the remainder when 438805948 is divided by 627?
625
Calculate the remainder when 120551 is divided by 79.
76
Calculate the remainder when 8995 is divided by 7283.
1712
Calculate the remainder when 38599451 is divided by 49.
44
What is the remainder when 14289 is divided by 13634?
655
What is the remainder when 324173 is divided by 20256?
77
Calculate the remainder when 27623563 is divided by 365.
363
What is the remainder when 32963536 is divided by 1267?
1264
What is the remainder when 14439588 is divided by 600?
588
Calculate the remainder when 856698 is divided by 484.
18
Calculate the remainder when 338850552 is divided by 563.
557
What is the remainder when 33175257 is divided by 6635050?
7
What is the remainder when 4122598 is divided by 146?
142
Calculate the remainder when 54495 is divided by 889.
266
Calculate the remainder when 5335703 is divided by 355.
53
What is the remainder when 10747974 is divided by 52?
42
Calculate the remainder when 957610 is divided by 284.
246
What is the remainder when 438977 is divided by 938?
931
What is the remainder when 2261252 is divided by 221?
201
What is the remainder when 1922228 is divided by 87355?
418
What is the remainder when 382714 is divided by 63768?
106
What is the remainder when 3893784 is divided by 30?
24
What is the remainder when 46667392 is divided by 46667382?
10
Calculate the remainder when 293199 is divided by 11022.
6627
Calculate the remainder when 58556730 is divided by 2756.
2754
Calculate the remainder when 128491459 is divided by 7.
5
What is the remainder when 863408 is divided by 143839?
374
What is the remainder when 44524 is divided by 22?
18
Calculate the remainder when 285516 is divided by 6777.
882
What is the remainder when 100015916 is divided by 240?
236
Calculate the remainder when 34057712 is divided by 21.
17
What is the remainder when 3696047 is divided by 10238?
129
What is the remainder when 3305098 is divided by 276?
274
Calculate the remainder when 722911 is divided by 130.
111
What is the remainder when 267834 is divided by 33372?
858
What is the remainder when 2735036 is divided